27 + 480?
517
In base 3, what is 20 - -211021?
211111
In base 11, what is -1 + -142?
-143
In base 12, what is 79 - 3?
76
In base 13, what is -14 - 5c?
-73
In base 6, what is 4 - 204?
-200
In base 10, what is -835 + -9?
-844
In base 10, what is -259 + 12?
-247
In base 6, what is -1 - -1405?
1404
In base 7, what is -6 - -3?
-3
In base 9, what is -12 - -42?
30
In base 15, what is -3c8 - 2?
-3ca
In base 2, what is 1011001111 + -101?
1011001010
In base 16, what is -3 - 83?
-86
In base 13, what is -9 - 28?
-34
In base 14, what is 1001 + 0?
1001
In base 10, what is -64 + 132?
68
In base 4, what is 2030 + 11?
2101
In base 6, what is -3104 - 2?
-3110
In base 4, what is 1 + 312?
313
In base 3, what is 2010 + 21?
2101
In base 2, what is 0 + -101000011?
-101000011
In base 13, what is -5 - 1b?
-23
In base 16, what is 1d + -2?
1b
In base 4, what is -23321 + 13?
-23302
In base 16, what is e + -10?
-2
In base 10, what is 1 - -77?
78
In base 8, what is 1105 + 0?
1105
In base 15, what is 3 + -10e?
-10b
In base 5, what is 24431 - 3?
24423
In base 12, what is 2 - -67b?
681
In base 3, what is 20 + 122100?
122120
In base 15, what is 2 - -40c?
40e
In base 4, what is -22 - 23?
-111
In base 14, what is -32c + 3?
-329
In base 7, what is -532 - 13?
-545
In base 4, what is -12 - -22?
10
In base 8, what is -4 - -374?
370
In base 3, what is 10 - 21111?
-21101
In base 2, what is 11000000010101 - 101?
11000000010000
In base 5, what is 10 - 120000?
-114440
In base 6, what is 3 - 214?
-211
In base 12, what is 9 + -204?
-1b7
In base 7, what is -4 + -3006?
-3013
In base 13, what is 6 + -10a?
-104
In base 11, what is 357 - 5?
352
In base 12, what is -2635 - 0?
-2635
In base 7, what is 10 + 23?
33
In base 12, what is -4 + 13?
b
In base 3, what is 12 - 220010?
-212221
In base 6, what is 0 + -4550?
-4550
In base 8, what is 16 + 4373?
4411
In base 14, what is -1dd - -4?
-1d9
In base 5, what is 43 + 133?
231
In base 16, what is 0 + 309?
309
In base 4, what is 2 - 322?
-320
In base 4, what is 1301 - -2?
1303
In base 11, what is 1 - -4720?
4721
In base 14, what is -7c + -4?
-82
In base 14, what is -2 + 1515?
1513
In base 16, what is -4 + -14?
-18
In base 13, what is 34 + -7?
2a
In base 10, what is -616 + 4?
-612
In base 15, what is -5 - 1766?
-176b
In base 16, what is -9ed - 5?
-9f2
In base 16, what is -8 - -20?
18
In base 16, what is -36 + 47?
11
In base 14, what is -41 + 4?
-3b
In base 14, what is 38 + -9?
2d
In base 2, what is 11111 + 1010?
101001
In base 6, what is -3431 + 0?
-3431
In base 8, what is 626 + 1?
627
In base 7, what is 42650 - 0?
42650
In base 12, what is -3488 - 4?
-3490
In base 14, what is 2210 + 5?
2215
In base 15, what is 64 - -47?
ab
In base 2, what is 1010000010 + -101?
1001111101
In base 5, what is -304113 + 4?
-304104
In base 7, what is 2 - -1112?
1114
In base 12, what is 238 + -1?
237
In base 3, what is 110120 + -2020?
101100
In base 6, what is -11 - -211?
200
In base 8, what is -67 + 4?
-63
In base 10, what is -2 - -742?
740
In base 6, what is 1 + -13432?
-13431
In base 16, what is -6e3 + -3?
-6e6
In base 5, what is 114443 + 4?
120002
In base 16, what is -13 - -69?
56
In base 12, what is 6 + -150?
-146
In base 5, what is 2 + 1013?
1020
In base 16, what is -11b - -5?
-116
In base 15, what is 7a + -40?
3a
In base 10, what is -1 + -263?
-264
In base 2, what is 11 + -111101?
-111010
In base 7, what is 4 - -14426?
14433
In base 5, what is 3 + -3?
0
In base 9, what is 1 + 8601?
8602
In base 5, what is 0 + -31?
-31
In base 5, what is 4 - 24?
-20
In base 9, what is -26 + 4?
-22
In base 16, what is -f + -c?
-1b
In base 15, what is 293 + -2?
291
In base 10, what is 4 + -1677?
-1673
In base 6, what is -302 - 4?
-310
In base 7, what is -15 + -102?
-120
In base 16, what is -5 + -29?
-2e
In base 5, what is 131 - -23?
204
In base 9, what is 2380 + 4?
2384
In base 6, what is 243 + 1?
244
In base 15, what is -43 + -24?
-67
In base 10, what is 622 + -5?
617
In base 3, what is -11220 - 1000?
-12220
In base 8, what is 15303 - 1?
15302
In base 14, what is -15 + -25?
-3a
In base 2, what is 1011 + 0?
1011
In base 8, what is -102 - -223?
121
In base 11, what is 22758 + 5?
22762
In base 13, what is c0 + -b?
b2
In base 13, what is -b + 3?
-8
In base 10, what is 616 + -3?
613
In base 14, what is -283 + -15?
-298
In base 6, what is -2420 - 0?
-2420
In base 7, what is -2 + 22?
20
In base 6, what is -1 - -41?
40
In base 3, what is -21112 - -1?
-21111
In base 10, what is 846 + -6?
840
In base 6, what is 4 - -141?
145
In base 6, what is -4 - -10204?
10200
In base 14, what is 28 - -1?
29
In base 4, what is 3033 + -1?
3032
In base 3, what is 1000221 + 10?
1001001
In base 8, what is 46645 + 0?
46645
In base 7, what is -126 - 66?
-225
In base 15, what is -3a + -8?
-43
In base 9, what is 2703 - 6?
2686
In base 4, what is -301 + 301?
0
In base 4, what is 10331 - -3?
11000
In base 16, what is 9 - -5?
e
In base 8, what is 1 - -7307?
7310
In base 11, what is 2054 + -3?
2051
In base 15, what is 2 + -4a?
-48
In base 2, what is 1000111000 - 0?
1000111000
In base 12, what is -1110 + -7?
-1117
In base 4, what is -10 + -232302?
-232312
In base 5, what is 110210 + 10?
110220
In base 4, what is -22003 - 21?
-22030
In base 15, what is 5 + 17d?
183
In base 4, what is 102003 - 0?
102003
In base 11, what is -4 - 123?
-127
In base 14, what is 3a - -c?
48
In base 15, what is -86 - 5?
-8b
In base 13, what is -c3 + 2?
-c1
In base 7, what is -45 - 45?
-123
In base 12, what is 3 - 3513?
-3510
In base 11, what is -2143 - -2?
-2141
In base 16, what is -2e2 - 2?
-2e4
In base 7, what is 1141 - -11?
1152
In base 11, what is -aa - 5?
-104
In base 7, what is -3 + -4?
-10
In base 8, what is 56 - -33?
111
In base 12, what is -20 - -3?
-19
In base 9, what is 0 - 268?
-268
In base 15, what is -2 - -33?
31
In base 4, what is 3 + 302?
311
In base 2, what is -101 - -1110100100?
1110011111
In base 14, what is 185 - 0?
185
In base 12, what is 5 - -1a5?
1aa
In base 8, what is 0 - 205?
-205
In base 7, what is -345 - 0?
-345
In base 11, what is -3 - 297?
-29a
In base 10, what is -3 + 34?
31
In base 2, what is -110001010 - 1?
-110001011
In base 12, what is 165 - -4?
169
In base 13, what is -4 - 9ab?
-9b2
In base 2, what is -1110010111 - 111?
-1110011110
In base 5, what is 2 - 242?
-240
In base 14, what is 1 + -90?
-8d
In base 15, what is -2 + -6a6?
-6a8
In base 9, what is -2 - 0?
-2
In base 7, what is -5 + 4?
-1
In base 5, what is -10 + 22111?
22101
In base 7, what is 21 - 61?
-40
In base 12, what is -542 + 12?
-530
In base 14, what is 0 - -25?
25
In base 9, what is 32 - 20?
12
In base 5, what is 323 + 10?
333
In base 12, what is -8 + 20?
14
In base 15, what is e8 + -b?
dc
In base 8, what is 4 + 14715?
14721
In base 9, what is -115 - 13?
-128
In base 14, what is 8 + -89?
-81
In base 5, what is -34 - -21243?
21204
In base 7, what is -140 - 24?
-164
In base 12, what is -2 + 7b?
79
In base 9, what is -1143 - 5?
-1148
In base 9, what is 27 + -162?
-134
In base 4, what is 1 + -322121?
-322120
In base 11, what is -9 + 241?
233
In base 7, what is 333 - 0?
333
In base 11, what is 0 + -3a?
-3a
In base 8, what is 12534 - 1?
12533
In base 13, what is -5 + -694?
-699
In base 12, what is 218 - 3?
215
In base 6, what is -35 - 2?
-41
In base 4, what is 10 - -30300?
30310
In base 14, what is 53 + -d?
44
In base 11, what is 0 + 45?
45
In base 3, what is 2200 - -2?
2202
In base 9, what is -5120 + -2?
-5122
In base 2, what is -101 - 110101?
-111010
In base 4, what is 3 + -10?
-1
In base 11, what is 17a8 - 5?
17a3
In base 16, what is -1 - 3d?
-3e
In base 7, what is -51 - -163?
112
In base 13, what is 2 - 2343?
-2341
In base 4, what is 1232 + -1201?
31
In base 13, what is 3 - -6b?
71
In base 7, what is 136 + -26?
110
In base 15, what is 5 - -14a?
150
In base 3, what is 12 - -122221?
200010
In base 5, what is -10 + 12101?
12041
In base 3, what is 1012120 - 10?
1012110
In base 13, what is -3 + -698?
-69b
In base 12, what is -452 - -6?
-448
In base 2, what is -1001111 - 110000?
-1111111
In base 14, what is 261 + 5?
266
In base 3, what is 1000 - 121101?
-120101
In base 16, what is -6 - 7?
-d
In base 5, what is 13 + 24?
42
In base 5, what is 10 + -1?
4
In base 16, what is a9 + -3?
a6
In base 5, what is 4 + 202?
211
In base 15, what is -39 - -26?
-13
In base 